 Let n = 60 + 50. What is the greatest common factor of n and b?
10
Let p = -40 + 71. Calculate the greatest common factor of p and 31.
31
Let d = 9 - 6. Calculate the highest common factor of d and 3.
3
Let f be ((-10)/(-15))/(2/18). Let w = 51 + -36. What is the greatest common factor of f and w?
3
Suppose 0 = -2*v + 5*v. Suppose -4*z - 21 - 3 = v. Let q be 2 + -8*15/z. Calculate the highest common factor of q and 55.
11
Let q be 23 + 0 - (-5 - -1*2). Calculate the highest common divisor of 26 and q.
26
Let j = -349 - -594. What is the greatest common factor of 35 and j?
35
Let l(a) = a**3 + 7*a**2 + 6*a + 3. Let d be l(-6). Suppose c + 1 - 18 = 3*v, -5*c = d*v - 85. Calculate the highest common divisor of 153 and c.
17
Let g(i) = -i**3 + 12*i**2 + 13*i + 8. Let c be g(13). Suppose -k - d - 3*d + 60 = 0, -d = -2*k + 75. Calculate the greatest common divisor of c and k.
8
Let c(o) = -24 + 4*o + 8*o + 12*o. Let u(l) = -1. Let h(y) = -c(y) + 18*u(y). Let z be h(-5). Calculate the greatest common divisor of 14 and z.
14
Let y be (-2)/7 + 65/7. Let j(u) = u**2 - 6*u + 9. Let k be j(6). Calculate the greatest common factor of y and k.
9
Let c(k) = 27*k + 2. Let r be c(4). Let f be (-2)/(-9) + (-2156)/(-99). Calculate the highest common factor of r and f.
22
Let u = 27 + -7. Suppose -y + 35 = -3*k + 7*k, 4*k - 30 = -2*y. What is the greatest common divisor of u and k?
10
Let c(w) = 2*w**3 - 9*w**2 + 2*w - 26. Let x be c(5). Suppose 0 = -j + 35 - 8. Calculate the highest common divisor of j and x.
9
Let m = -147 - -275. What is the highest common factor of 16 and m?
16
Let c(x) be the third derivative of 14*x**5/15 - x**4/24 + x**3/6 - 7*x**2. Let h be c(1). Calculate the greatest common divisor of h and 8.
8
Let s(w) be the first derivative of w**4/4 - 3*w**3 - 9*w**2/2 - 6*w + 4. Let b be s(10). Calculate the highest common divisor of b and 4.
4
Suppose v + 3*v = -40. Let g = 141 + -95. Let j = g + v. Calculate the highest common divisor of 24 and j.
12
Let z(l) = 5*l**2 - 3*l. Let m(r) = 2*r**2 - 2*r - 2. Suppose -10 = -3*t - 2*t. Let a be m(t). Let w be z(a). What is the greatest common divisor of 21 and w?
7
Let d be 4/18 - (-1022)/18. Suppose 0 = 3*m - d + 3. What is the highest common factor of 6 and m?
6
Let r(i) = 5*i + 106. Let u be r(-20). Let b = -100 + 148. What is the greatest common divisor of b and u?
6
Suppose 3*a = -2*i + 7*a - 500, a = -i - 235. Let m be ((-6)/(-5))/((-4)/i). Calculate the greatest common factor of m and 9.
9
Let c(i) = i**2 - 11*i + 12. Let n be c(10). Suppose -n*p + 3*h = -3*p + 29, p + 4*h = 28. What is the greatest common divisor of 8 and p?
8
Suppose 55 = 3*x - 17. Calculate the greatest common divisor of x and 6.
6
Suppose -14 = -4*m + a + 34, 0 = a. Let u = -6 - -12. What is the highest common divisor of m and u?
6
Let y be (372/10)/(4/30). Calculate the highest common factor of y and 31.
31
Let l(c) = 6*c + 10. Let r be l(5). What is the highest common divisor of 60 and r?
20
Suppose 3*c = 3*d, -5*d + c = -15 - 5. Calculate the greatest common divisor of d and 5.
5
Suppose a + 74 = 3*a + t, 4*a - 3*t - 138 = 0. What is the highest common divisor of a and 54?
18
Suppose 0 = 2*u - 0 - 32. Let j be 4/u - 191/(-4). Suppose -16 - 56 = -6*k. Calculate the greatest common divisor of j and k.
12
Let n = 7 - 4. Calculate the highest common factor of n and 1.
1
Let h(q) = -2*q + 72. Let l be h(0). What is the greatest common divisor of 9 and l?
9
Suppose 5*f = -3*q - 0*f - 2, -5*q - 5*f + 10 = 0. Suppose -i - o + 147 = 2*i, -i + 33 = -5*o. What is the greatest common factor of i and q?
6
Suppose -72 = k - 9*k. What is the highest common divisor of 54 and k?
9
Let a(l) = -2*l**3 + 6*l + 5. Let x be a(-7). What is the highest common factor of x and 59?
59
Suppose -9 = -4*v - 3*d + 307, 0 = -2*v + 4*d + 136. What is the greatest common divisor of v and 19?
19
Let n = -181 - -412. What is the greatest common divisor of 21 and n?
21
Suppose 70 = -j + 3*j. Let b be (-147)/(-14)*4/6. What is the greatest common divisor of j and b?
7
Suppose 13*c = 16*c - 105. Suppose -4*p - t + 52 = -3*t, -4*p - 5*t = -66. Calculate the greatest common factor of c and p.
7
Suppose -4*v = -2*v. Suppose l + v*l = 65. Calculate the greatest common divisor of l and 26.
13
Let h = 40 - 34. Let t(y) = 31*y - 1. Let b be t(1). Calculate the highest common divisor of b and h.
6
Suppose y = 6*y - 660. Suppose -3*w + 78 = 3*s, -2*s = -4*w + s + y. What is the highest common divisor of w and 6?
6
Suppose 2*r - 5*r + 2*j = -37, 2*r - 3*j = 33. Calculate the greatest common divisor of r and 6.
3
Suppose -4*v + 47 = -121. Suppose 3*l = 2*p + 8*l + 6, 12 = -3*l. Calculate the highest common divisor of v and p.
7
Let n = -27 - -59. What is the highest common factor of n and 72?
8
Suppose h + 3*h = 40. Suppose -3*j + h = -8. Let b be (-3)/2 + 261/j. What is the greatest common factor of b and 14?
14
Let p = -28 + 33. What is the highest common divisor of 5 and p?
5
Let l(d) = d**3 + 3*d - 3. Let h(c) = 3*c**3 - c**2. Let b be h(1). Let w be l(b). What is the highest common factor of 33 and w?
11
Let s = -8 - -20. Let f be -1 + 4/(s/45). Let v = 26 - f. Calculate the greatest common divisor of 12 and v.
12
Suppose 2*r - 3*g = 4, 2*r - 7*r = -3*g - 28. Let f = r - -52. Calculate the greatest common divisor of 20 and f.
20
Suppose -16 + 1 = -5*i. Suppose 3*l = -2*f + 50, i*f - 12 = -l - 0*f. What is the highest common factor of 144 and l?
18
Let r = 1 - -11. Suppose -3*i - r = -6*i. Suppose -i*h = -42 - 18. Calculate the highest common divisor of 45 and h.
15
Suppose -o + 3*h - 4*h + 7 = 0, -h = 0. Suppose -o = -2*z + 11. What is the highest common divisor of z and 99?
9
Let b = 6 - 9. Let q = -1 - b. What is the highest common divisor of 2 and q?
2
Suppose 10*i - 5*i - 85 = 0. What is the greatest common divisor of 34 and i?
17
Suppose 88 = b + 3*q + 2*q, 0 = -5*b + 4*q + 353. Suppose 2*c = b + 7. What is the greatest common divisor of c and 8?
8
Let z(c) = c**3 - 2*c**2 - 6*c + 5. Let d be z(4). Calculate the highest common factor of d and 13.
13
Let v(d) = -d**3 - 5*d**2 - 8*d - 10. Let k be v(-5). What is the highest common factor of k and 12?
6
Suppose -5*m - 3*w + 45 = -2*w, -2*m = 4*w - 18. Suppose 17 = 5*p - 73. What is the greatest common divisor of p and m?
9
Suppose 2*d = 4*n + 6, 4*d = -4*n + 73 - 13. Let z be (0 - -4)/(2/22). What is the greatest common divisor of z and d?
11
Let o(z) = z**3 - 10*z**2 - z - 2. Let v be o(11). Suppose -2*r = 5*m - 70, -5*m - 3*r + 2*r + 65 = 0. Calculate the highest common divisor of v and m.
12
Let k be (-10 - 2)/(-2 + 3). Let i = k - -198. Suppose 3*t - i = -4*r, -r = -0*r + 4*t - 40. Calculate the greatest common factor of 8 and r.
8
Suppose -5*p + 3*g = -52, -5*g = -3*p - 0*p + 28. Calculate the greatest common divisor of 22 and p.
11
Suppose 0 = -r + 2*r. Let l be 32/5 + (-2)/5. Suppose -4*f - c + 24 = 0, -f + 2*f + 2*c - l = r. What is the highest common divisor of f and 18?
6
Let o be (3*-1*1)/(-1). Suppose -o*a + 6*a - 33 = 0. What is the greatest common divisor of 77 and a?
11
Let y(l) = -l**3 + 9*l**2 + 10*l - 1. Let d be y(10). Let v be -1 - (92*d + 3). What is the highest common divisor of v and 22?
22
Let z = 10 - 3. Let n(f) = f**2 - 5*f + 4. Let m be n(8). Calculate the greatest common divisor of z and m.
7
Let j = 23 - 19. Suppose 0 = -4*w - 4, 0*r - 2*r = j*w - 6. Calculate the greatest common divisor of 2 and r.
1
Suppose 5*v - 31 + 6 = -3*r, 3*r - 5 = -v. What is the highest common factor of v and 3?
1
Let r be 36/(1/(16/6)). Let u = r + -26. Calculate the greatest common divisor of u and 10.
10
Let f be (3 - 3)/(-1) - 127. Let k = -1 - f. Calculate the highest common factor of 14 and k.
14
Let j be 6/(-21) - 1560/(-21). Suppose -j = -4*z - 5*h, -3*z + 20 = -5*h - 18. What is the highest common factor of z and 8?
8
Let u be (30/25)/(1/5). Suppose -1 = p - 7. Calculate the greatest common factor of u and p.
6
Let m(p) = p**2 + 2*p + 3. Let b be m(-3). Suppose 36 = 4*t - 5*r, -4*t + 0*t + 3*r = -28. What is the highest common divisor of t and b?
2
Suppose 11 + 31 = 2*m - 5*g, 0 = m + 2*g - 3. Let r(l) = 20*l - 129. Let v be r(7). What is the greatest common divisor of v and m?
11
Let n(u) = u